{"id":45,"date":"2018-02-21T13:21:46","date_gmt":"2018-02-21T13:21:46","guid":{"rendered":"https:\/\/tauchnasen.de\/?page_id=45"},"modified":"2018-02-21T13:21:46","modified_gmt":"2018-02-21T13:21:46","slug":"ueber-mich","status":"publish","type":"page","link":"https:\/\/www.tauchnasen.de\/","title":{"rendered":"\u00dcber mich&#8230;"},"content":{"rendered":"<p>Meine erste Bekanntschaft mit dem nassen Element war wahrscheinlich die mit dem Wasser der Babybadewanne&#8230; Okay ich hab es \u00fcberlebt und entdeckte noch vor der Entwicklung<\/p>\n<figure id=\"attachment_46\" aria-describedby=\"caption-attachment-46\" style=\"width: 237px\" class=\"wp-caption alignright\"><img decoding=\"async\" class=\"wp-image-46\" src=\"https:\/\/tauchnasen.de\/wp-content\/uploads\/2018\/02\/IMG_7458-300x238.jpg\" alt=\"\" width=\"237\" height=\"188\" srcset=\"https:\/\/www.tauchnasen.de\/wp-content\/uploads\/2018\/02\/IMG_7458-300x238.jpg 300w, https:\/\/www.tauchnasen.de\/wp-content\/uploads\/2018\/02\/IMG_7458-768x608.jpg 768w, https:\/\/www.tauchnasen.de\/wp-content\/uploads\/2018\/02\/IMG_7458-1024x811.jpg 1024w, https:\/\/www.tauchnasen.de\/wp-content\/uploads\/2018\/02\/IMG_7458.jpg 1639w\" sizes=\"(max-width: 237px) 100vw, 237px\" \/><figcaption id=\"caption-attachment-46\" class=\"wp-caption-text\">JWK Scharh\u00f6rn der SVAOe Foto K. Riechers<\/figcaption><\/figure>\n<p>meiner Schwimmfertigkeiten die Liebe zum Segeln.<br \/>\nAber nicht irgendeine Jolle oder Yacht. Auf einem Jugendwanderkutter sollte es sein!<\/p>\n<p>Wer auf diesen schmucken Holzschiffen Segeln gelernt hat, vergisst das wahrscheinlich sein Leben lang nicht&#8230;<br \/>\nDazu sicher sp\u00e4ter mehr.<\/p>\n<p>Nach einigen Jahren auf dem Jugendwanderkutter verschlug es mich auf ander Schiffstypen. Ich segelte eine Weile Jollenkreuzer mit und fuhr als helfende Hand auf einem Plattbodenschiff auf der Elbe mit. Auch auf einem Drachen bin ich mit gefahren.<\/p>\n<p>Nach einer Zeit auf einem Schnellboot bei der Marine ging ich berufliche bedingt von der K\u00fcste weg, landeinw\u00e4rts. Dort suchte ich in Ermangelung gro\u00dfer Weiten die Unterwasserwelt auf und lernte Tauchen. Dieses sch\u00f6ne Hobby wurde nach Erlangung des Rettungsschwimmscheines und weiterer Fortbildungen in einer gro\u00dfen, ehrenamtlich arbeitenden Wasserrettungsorganisation zum Einsatztaucher ausgebaut. \u00dcber diese T\u00e4tigkeit kam ich dann doch irgendwie wieder beim Segeln an.<\/p>\n<p>Die letzten Jahre verbrachte &#8211; und verbringe ich noch &#8211; gerne auf einem niederl\u00e4ndischen Schoner, der im Sommer seine T\u00f6rns auf der Ostsee<\/p>\n<figure id=\"attachment_47\" aria-describedby=\"caption-attachment-47\" style=\"width: 300px\" class=\"wp-caption alignleft\"><img fetchpriority=\"high\" decoding=\"async\" class=\"size-medium wp-image-47\" src=\"https:\/\/tauchnasen.de\/wp-content\/uploads\/2018\/02\/IMG_1175-Kopie-300x225.jpg\" alt=\"\" width=\"300\" height=\"225\" srcset=\"https:\/\/www.tauchnasen.de\/wp-content\/uploads\/2018\/02\/IMG_1175-Kopie-300x225.jpg 300w, https:\/\/www.tauchnasen.de\/wp-content\/uploads\/2018\/02\/IMG_1175-Kopie-768x576.jpg 768w, https:\/\/www.tauchnasen.de\/wp-content\/uploads\/2018\/02\/IMG_1175-Kopie.jpg 1024w\" sizes=\"(max-width: 300px) 100vw, 300px\" \/><figcaption id=\"caption-attachment-47\" class=\"wp-caption-text\">Foto: R. Schreyer<\/figcaption><\/figure>\n<p>anbietet. Von diesen Segelt\u00f6rns werden die meisten der Berichte handeln die hier noch nieder geschrieben werden sollen.<\/p>\n<p>Das soll erstmal gen\u00fcgen.<br \/>\nViel Spa\u00df beim St\u00f6bern und Lesen in diesem Blog, was auch immer das ist \ud83d\ude09<\/p>\n","protected":false},"excerpt":{"rendered":"<p>Meine erste Bekanntschaft mit dem nassen Element war wahrscheinlich die mit dem Wasser der Babybadewanne&#8230; Okay ich hab es \u00fcberlebt und entdeckte noch vor der Entwicklung meiner Schwimmfertigkeiten die Liebe zum Segeln. Aber nicht irgendeine Jolle oder Yacht. Auf einem Jugendwanderkutter sollte es sein! Wer auf diesen schmucken Holzschiffen Segeln gelernt hat, vergisst das wahrscheinlich &hellip; <\/p>\n<p class=\"link-more\"><a href=\"https:\/\/www.tauchnasen.de\/\" class=\"more-link\"><span class=\"screen-reader-text\">\u201e\u00dcber mich&#8230;\u201c <\/span>weiterlesen<\/a><\/p>\n","protected":false},"author":1,"featured_media":0,"parent":0,"menu_order":0,"comment_status":"closed","ping_status":"closed","template":"","meta":{"footnotes":""},"class_list":["post-45","page","type-page","status-publish","hentry"],"yoast_head":"<!-- This site is optimized with the Yoast SEO plugin v27.5 - https:\/\/yoast.com\/product\/yoast-seo-wordpress\/ -->\n<title>\u00dcber mich... - Tauchnasen<\/title>\n<meta name=\"robots\" content=\"index, follow, max-snippet:-1, max-image-preview:large, max-video-preview:-1\" \/>\n<link rel=\"canonical\" href=\"https:\/\/www.tauchnasen.de\/\" \/>\n<meta property=\"og:locale\" content=\"de_DE\" \/>\n<meta property=\"og:type\" content=\"article\" \/>\n<meta property=\"og:title\" content=\"\u00dcber mich... - Tauchnasen\" \/>\n<meta property=\"og:description\" content=\"Meine erste Bekanntschaft mit dem nassen Element war wahrscheinlich die mit dem Wasser der Babybadewanne&#8230; Okay ich hab es \u00fcberlebt und entdeckte noch vor der Entwicklung meiner Schwimmfertigkeiten die Liebe zum Segeln. Aber nicht irgendeine Jolle oder Yacht. Auf einem Jugendwanderkutter sollte es sein! Wer auf diesen schmucken Holzschiffen Segeln gelernt hat, vergisst das wahrscheinlich &hellip; \u201e\u00dcber mich&#8230;\u201c weiterlesen\" \/>\n<meta property=\"og:url\" content=\"https:\/\/www.tauchnasen.de\/\" \/>\n<meta property=\"og:site_name\" content=\"Tauchnasen\" \/>\n<meta property=\"og:image\" content=\"https:\/\/tauchnasen.de\/wp-content\/uploads\/2018\/02\/IMG_7458-300x238.jpg\" \/>\n<meta name=\"twitter:card\" content=\"summary_large_image\" \/>\n<meta name=\"twitter:label1\" content=\"Gesch\u00e4tzte Lesezeit\" \/>\n\t<meta name=\"twitter:data1\" content=\"1\u00a0Minute\" \/>\n<script type=\"application\/ld+json\" class=\"yoast-schema-graph\">{\"@context\":\"https:\\\/\\\/schema.org\",\"@graph\":[{\"@type\":\"WebPage\",\"@id\":\"https:\\\/\\\/www.tauchnasen.de\\\/\",\"url\":\"https:\\\/\\\/www.tauchnasen.de\\\/\",\"name\":\"\u00dcber mich... - Tauchnasen\",\"isPartOf\":{\"@id\":\"https:\\\/\\\/www.tauchnasen.de\\\/#website\"},\"primaryImageOfPage\":{\"@id\":\"https:\\\/\\\/www.tauchnasen.de\\\/#primaryimage\"},\"image\":{\"@id\":\"https:\\\/\\\/www.tauchnasen.de\\\/#primaryimage\"},\"thumbnailUrl\":\"https:\\\/\\\/tauchnasen.de\\\/wp-content\\\/uploads\\\/2018\\\/02\\\/IMG_7458-300x238.jpg\",\"datePublished\":\"2018-02-21T13:21:46+00:00\",\"breadcrumb\":{\"@id\":\"https:\\\/\\\/www.tauchnasen.de\\\/#breadcrumb\"},\"inLanguage\":\"de\",\"potentialAction\":[{\"@type\":\"ReadAction\",\"target\":[\"https:\\\/\\\/www.tauchnasen.de\\\/\"]}]},{\"@type\":\"ImageObject\",\"inLanguage\":\"de\",\"@id\":\"https:\\\/\\\/www.tauchnasen.de\\\/#primaryimage\",\"url\":\"https:\\\/\\\/tauchnasen.de\\\/wp-content\\\/uploads\\\/2018\\\/02\\\/IMG_7458-300x238.jpg\",\"contentUrl\":\"https:\\\/\\\/tauchnasen.de\\\/wp-content\\\/uploads\\\/2018\\\/02\\\/IMG_7458-300x238.jpg\"},{\"@type\":\"BreadcrumbList\",\"@id\":\"https:\\\/\\\/www.tauchnasen.de\\\/#breadcrumb\",\"itemListElement\":[{\"@type\":\"ListItem\",\"position\":1,\"name\":\"Startseite\",\"item\":\"https:\\\/\\\/www.tauchnasen.de\\\/\"},{\"@type\":\"ListItem\",\"position\":2,\"name\":\"\u00dcber mich&#8230;\"}]},{\"@type\":\"WebSite\",\"@id\":\"https:\\\/\\\/www.tauchnasen.de\\\/#website\",\"url\":\"https:\\\/\\\/www.tauchnasen.de\\\/\",\"name\":\"Tauchnasen\",\"description\":\"Vom Tauchen, Segeln und anderen nassen Freizeitbesch\u00e4ftigungen\",\"potentialAction\":[{\"@type\":\"SearchAction\",\"target\":{\"@type\":\"EntryPoint\",\"urlTemplate\":\"https:\\\/\\\/www.tauchnasen.de\\\/?s={search_term_string}\"},\"query-input\":{\"@type\":\"PropertyValueSpecification\",\"valueRequired\":true,\"valueName\":\"search_term_string\"}}],\"inLanguage\":\"de\"}]}<\/script>\n<!-- \/ Yoast SEO plugin. -->","yoast_head_json":{"title":"\u00dcber mich... - Tauchnasen","robots":{"index":"index","follow":"follow","max-snippet":"max-snippet:-1","max-image-preview":"max-image-preview:large","max-video-preview":"max-video-preview:-1"},"canonical":"https:\/\/www.tauchnasen.de\/","og_locale":"de_DE","og_type":"article","og_title":"\u00dcber mich... - Tauchnasen","og_description":"Meine erste Bekanntschaft mit dem nassen Element war wahrscheinlich die mit dem Wasser der Babybadewanne&#8230; Okay ich hab es \u00fcberlebt und entdeckte noch vor der Entwicklung meiner Schwimmfertigkeiten die Liebe zum Segeln. Aber nicht irgendeine Jolle oder Yacht. Auf einem Jugendwanderkutter sollte es sein! Wer auf diesen schmucken Holzschiffen Segeln gelernt hat, vergisst das wahrscheinlich &hellip; \u201e\u00dcber mich&#8230;\u201c weiterlesen","og_url":"https:\/\/www.tauchnasen.de\/","og_site_name":"Tauchnasen","og_image":[{"url":"https:\/\/tauchnasen.de\/wp-content\/uploads\/2018\/02\/IMG_7458-300x238.jpg","type":"","width":"","height":""}],"twitter_card":"summary_large_image","twitter_misc":{"Gesch\u00e4tzte Lesezeit":"1\u00a0Minute"},"schema":{"@context":"https:\/\/schema.org","@graph":[{"@type":"WebPage","@id":"https:\/\/www.tauchnasen.de\/","url":"https:\/\/www.tauchnasen.de\/","name":"\u00dcber mich... - Tauchnasen","isPartOf":{"@id":"https:\/\/www.tauchnasen.de\/#website"},"primaryImageOfPage":{"@id":"https:\/\/www.tauchnasen.de\/#primaryimage"},"image":{"@id":"https:\/\/www.tauchnasen.de\/#primaryimage"},"thumbnailUrl":"https:\/\/tauchnasen.de\/wp-content\/uploads\/2018\/02\/IMG_7458-300x238.jpg","datePublished":"2018-02-21T13:21:46+00:00","breadcrumb":{"@id":"https:\/\/www.tauchnasen.de\/#breadcrumb"},"inLanguage":"de","potentialAction":[{"@type":"ReadAction","target":["https:\/\/www.tauchnasen.de\/"]}]},{"@type":"ImageObject","inLanguage":"de","@id":"https:\/\/www.tauchnasen.de\/#primaryimage","url":"https:\/\/tauchnasen.de\/wp-content\/uploads\/2018\/02\/IMG_7458-300x238.jpg","contentUrl":"https:\/\/tauchnasen.de\/wp-content\/uploads\/2018\/02\/IMG_7458-300x238.jpg"},{"@type":"BreadcrumbList","@id":"https:\/\/www.tauchnasen.de\/#breadcrumb","itemListElement":[{"@type":"ListItem","position":1,"name":"Startseite","item":"https:\/\/www.tauchnasen.de\/"},{"@type":"ListItem","position":2,"name":"\u00dcber mich&#8230;"}]},{"@type":"WebSite","@id":"https:\/\/www.tauchnasen.de\/#website","url":"https:\/\/www.tauchnasen.de\/","name":"Tauchnasen","description":"Vom Tauchen, Segeln und anderen nassen Freizeitbesch\u00e4ftigungen","potentialAction":[{"@type":"SearchAction","target":{"@type":"EntryPoint","urlTemplate":"https:\/\/www.tauchnasen.de\/?s={search_term_string}"},"query-input":{"@type":"PropertyValueSpecification","valueRequired":true,"valueName":"search_term_string"}}],"inLanguage":"de"}]}},"_links":{"self":[{"href":"https:\/\/www.tauchnasen.de\/index.php?rest_route=\/wp\/v2\/pages\/45","targetHints":{"allow":["GET"]}}],"collection":[{"href":"https:\/\/www.tauchnasen.de\/index.php?rest_route=\/wp\/v2\/pages"}],"about":[{"href":"https:\/\/www.tauchnasen.de\/index.php?rest_route=\/wp\/v2\/types\/page"}],"author":[{"embeddable":true,"href":"https:\/\/www.tauchnasen.de\/index.php?rest_route=\/wp\/v2\/users\/1"}],"replies":[{"embeddable":true,"href":"https:\/\/www.tauchnasen.de\/index.php?rest_route=%2Fwp%2Fv2%2Fcomments&post=45"}],"version-history":[{"count":1,"href":"https:\/\/www.tauchnasen.de\/index.php?rest_route=\/wp\/v2\/pages\/45\/revisions"}],"predecessor-version":[{"id":48,"href":"https:\/\/www.tauchnasen.de\/index.php?rest_route=\/wp\/v2\/pages\/45\/revisions\/48"}],"wp:attachment":[{"href":"https:\/\/www.tauchnasen.de\/index.php?rest_route=%2Fwp%2Fv2%2Fmedia&parent=45"}],"curies":[{"name":"wp","href":"https:\/\/api.w.org\/{rel}","templated":true}]}}